{"id":3975,"date":"2023-06-18T22:12:09","date_gmt":"2023-06-18T20:12:09","guid":{"rendered":"https:\/\/sarrouralibre.com\/shop\/?post_type=product&#038;p=3975"},"modified":"2023-06-19T23:28:09","modified_gmt":"2023-06-19T21:28:09","slug":"bougies-parfumee-naturelle","status":"publish","type":"product","link":"https:\/\/sarrouralibre.com\/shop\/product\/bougies-parfumee-naturelle\/","title":{"rendered":"bougies parfum\u00e9es naturelles"},"content":{"rendered":"<p>bougie artisanale 100% naturelle<\/p>\n<p>100% d&#8217;origine v\u00e9g\u00e9tale, cire de soja<\/p>\n<p>tr\u00e8s parfum\u00e9e, aux huiles essentielles et aux fleurs s\u00e9ch\u00e9es (lavande\/ jasmin)<\/p>\n<p>100 ml dans un contenant \u00e9cologique en verre, bouchon en li\u00e8ge<\/p>\n<p>dimension 8&#215;5 cm<\/p>\n<p>ficelle en coton<\/p>\n<p>dur\u00e9e du br\u00fbleur (plus de 30h)<\/p>\n<p>livr\u00e9 dans une pochette en toile de jute ou boite en carton blanche, \u00e0 vous de pr\u00e9ciser votre pr\u00e9f\u00e9rence dans la note pendant la commande<\/p>\n","protected":false},"excerpt":{"rendered":"<p>bougie artisanale 100% naturelle 100% d&#8217;origine v\u00e9g\u00e9tale, cire de soja tr\u00e8s parfum\u00e9e, aux huiles essentielles et aux fleurs s\u00e9ch\u00e9es (lavande\/ jasmin) 100 ml dans un contenant \u00e9cologique en verre, bouchon en li\u00e8ge dimension 8&#215;5 cm ficelle en coton dur\u00e9e du br\u00fbleur (plus de 30h) livr\u00e9 dans une pochette en toile de jute ou boite en [&hellip;]<\/p>\n","protected":false},"featured_media":3976,"comment_status":"open","ping_status":"closed","template":"","meta":[],"product_cat":[130],"product_tag":[241,235,244,245,243,238,237,239,240,236,242],"class_list":{"0":"post-3975","1":"product","2":"type-product","3":"status-publish","4":"has-post-thumbnail","6":"product_cat-produits-cosmetiques-bien-etre","7":"product_tag-bio","8":"product_tag-bougies","9":"product_tag-cire-de-soja","10":"product_tag-coton","11":"product_tag-huiles-essentielles","12":"product_tag-jasmin","13":"product_tag-lavande","14":"product_tag-nature","15":"product_tag-naturel","16":"product_tag-parfum","17":"product_tag-plante","19":"first","20":"instock","21":"shipping-taxable","22":"purchasable","23":"product-type-variable"},"_links":{"self":[{"href":"https:\/\/sarrouralibre.com\/shop\/wp-json\/wp\/v2\/product\/3975","targetHints":{"allow":["GET"]}}],"collection":[{"href":"https:\/\/sarrouralibre.com\/shop\/wp-json\/wp\/v2\/product"}],"about":[{"href":"https:\/\/sarrouralibre.com\/shop\/wp-json\/wp\/v2\/types\/product"}],"replies":[{"embeddable":true,"href":"https:\/\/sarrouralibre.com\/shop\/wp-json\/wp\/v2\/comments?post=3975"}],"version-history":[{"count":5,"href":"https:\/\/sarrouralibre.com\/shop\/wp-json\/wp\/v2\/product\/3975\/revisions"}],"predecessor-version":[{"id":4016,"href":"https:\/\/sarrouralibre.com\/shop\/wp-json\/wp\/v2\/product\/3975\/revisions\/4016"}],"wp:featuredmedia":[{"embeddable":true,"href":"https:\/\/sarrouralibre.com\/shop\/wp-json\/wp\/v2\/media\/3976"}],"wp:attachment":[{"href":"https:\/\/sarrouralibre.com\/shop\/wp-json\/wp\/v2\/media?parent=3975"}],"wp:term":[{"taxonomy":"product_cat","embeddable":true,"href":"https:\/\/sarrouralibre.com\/shop\/wp-json\/wp\/v2\/product_cat?post=3975"},{"taxonomy":"product_tag","embeddable":true,"href":"https:\/\/sarrouralibre.com\/shop\/wp-json\/wp\/v2\/product_tag?post=3975"}],"curies":[{"name":"wp","href":"https:\/\/api.w.org\/{rel}","templated":true}]}}